Is 8 a factor of 225072?
True
Does 38 divide 1438946?
True
Is 7708316 a multiple of 1175?
False
Is 22203 a multiple of 89?
False
Is 26073 a multiple of 2?
False
Does 9 divide 231288?
False
Does 914 divide 8641870?
True
Is 2 a factor of 539429?
False
Is 187 a factor of 16643?
True
Does 315 divide 11860380?
True
Does 50 divide 21490?
False
Does 7 divide 1273551?
False
Is 135720 a multiple of 377?
True
Is 9 a factor of 1663968?
False
Is 589634 a multiple of 3?
False
Does 25 divide 226186?
False
Does 316 divide 743844?
False
Is 30 a factor of 32310?
True
Is 5 a factor of 2112725?
True
Is 3687364 a multiple of 185?
False
Does 27 divide 7458885?
True
Is 13 a factor of 34554?
True
Is 11501 a multiple of 16?
False
Is 6376128 a multiple of 66?
True
Is 1014 a factor of 3490001?
False
Is 347 a factor of 22202101?
True
Is 1026 a factor of 10286676?
True
Does 12 divide 224794?
False
Does 107 divide 40124?
False
Is 22 a factor of 33253213?
False
Is 107094 a multiple of 39?
True
Is 5957076 a multiple of 498?
True
Is 4 a factor of 3143471?
False
Is 1824084 a multiple of 46?
True
Is 6 a factor of 119791?
False
Does 15 divide 12561245?
False
Is 264167 a multiple of 685?
False
Is 38 a factor of 209388?
False
Is 86702 a multiple of 7?
True
Does 44 divide 2556?
False
Is 557914 a multiple of 98?
True
Is 794 a factor of 1352182?
True
Is 17 a factor of 44877?
False
Is 75194 a multiple of 287?
True
Is 5983160 a multiple of 20?
True
Is 2258471 a multiple of 173?
False
Is 1043 a factor of 2844261?
True
Does 16 divide 59230?
False
Is 4619202 a multiple of 7?
True
Does 78 divide 4251624?
True
Is 6 a factor of 1154304?
True
Is 93 a factor of 145630?
False
Does 177 divide 15524?
False
Does 165 divide 2652?
False
Does 167 divide 433514?
False
Is 14316024 a multiple of 201?
True
Does 162 divide 680562?
True
Is 4306429 a multiple of 13?
False
Does 61 divide 117864?
False
Does 16 divide 864480?
True
Does 19 divide 106364?
False
Does 304 divide 1596989?
False
Is 1077684 a multiple of 7?
False
Does 15 divide 764391?
False
Is 282 a factor of 5458956?
True
Does 76 divide 1673465?
False
Does 323 divide 247418?
True
Does 24 divide 86490?
False
Is 865 a factor of 3998948?
False
Is 77 a factor of 509971?
True
Does 238 divide 1486310?
True
Is 342052 a multiple of 44?
False
Is 742 a factor of 4650834?
False
Does 9 divide 57501?
True
Does 182 divide 1918280?
True
Does 275 divide 851654?
False
Is 187084 a multiple of 368?
False
Is 234640 a multiple of 80?
True
Does 15 divide 113070?
True
Is 398 a factor of 333922?
True
Is 130515 a multiple of 3?
True
Is 2790 a multiple of 9?
True
Does 17 divide 2792590?
True
Is 29 a factor of 1826275?
True
Is 3 a factor of 62619?
True
Does 201 divide 10042049?
False
Is 3593512 a multiple of 808?
False
Is 6 a factor of 11925?
False
Does 4 divide 326144?
True
Is 59 a factor of 368632?
True
Is 344295 a multiple of 63?
True
Is 19 a factor of 355167?
True
Is 65 a factor of 138311?
False
Is 17459 a multiple of 138?
False
Does 105 divide 2905829?
False
Does 94 divide 692592?
True
Is 104 a factor of 1220024?
True
Is 175 a factor of 311150?
True
Is 1554 a factor of 19356624?
True
Does 100 divide 72622?
False
Does 22 divide 3344?
True
Is 590 a factor of 6181611?
False
Is 85526 a multiple of 131?
False
Is 19 a factor of 7384483?
True
Is 16 a factor of 3832687?
False
Is 1550994 a multiple of 15?
False
Does 24 divide 158738?
False
Is 8 a factor of 85280?
True
Is 100386 a multiple of 66?
True
Does 18 divide 451320?
False
Is 898363 a multiple of 4?
False
Does 228 divide 3738907?
False
Is 286020 a multiple of 10?
True
Does 9 divide 921951?
True
Is 28 a factor of 244611?
False
Does 1522 divide 10964488?
True
Does 35 divide 3738175?
True
Is 42 a factor of 103194?
True
Is 8 a factor of 267768?
True
Is 218257 a multiple of 3?
False
Is 84806 a multiple of 159?
False
Is 42139396 a multiple of 17?
True
Does 98 divide 992785?
False
Is 104 a factor of 507776?
False
Is 788 a factor of 2763077?
False
Is 94 a factor of 28482?
True
Does 346 divide 15334?
False
Does 33 divide 17358?
True
Does 11 divide 1714017?
False
Does 20 divide 1258080?
True
Is 7 a factor of 503616?
False
Is 179 a factor of 221834?
False
Is 2332899 a multiple of 158?
False
Is 7 a factor of 376565?
True
Is 75702 a multiple of 31?
True
Is 622 a factor of 1968008?
True
Is 5630848 a multiple of 8?
True
Does 258 divide 1648778?
False
Is 159447 a multiple of 12?
False
Is 6930477 a multiple of 98?
False
Is 100312 a multiple of 2?
True
Is 1100755 a multiple of 440?
False
Does 2 divide 14904?
True
Is 3700993 a multiple of 41?
False
Does 103 divide 950999?
True
Is 294733 a multiple of 20?
False
Is 305 a factor of 716289?
False
Does 204 divide 304572?
True
Is 4 a factor of 1739028?
True
Does 189 divide 2258540?
False
Is 207504 a multiple of 12?
True
Is 218 a factor of 33509?
False
Is 6 a factor of 655990?
False
Is 103040 a multiple of 10?
True
Does 9 divide 35438?
False
Is 488334 a multiple of 77?
True
Is 1079320 a multiple of 24?
False
Is 479754 a multiple of 99?
True
Is 499220 a multiple of 436?
True
Is 122102 a multiple of 32?
False
Does 124 divide 791368?
True
Is 389604 a multiple of 8?
False
Does 296 divide 138232?
True
Is 2099328 a multiple of 231?
True
Is 8243428 a multiple of 2445?
False
Does 103 divide 3565166?
False
Is 228 a factor of 22147?
False
Is 56 a factor of 223104?
True
Does 24 divide 64421?
False
Does 360 divide 651600?
True
Is 33236887 a multiple of 262?
False
Is 451 a factor of 8792103?
False
Does 353 divide 505936?
False
Is 59 a factor of 69974?
True
Does 180 divide 510533?
False
Does 491 divide 6626536?
True
Is 99710 a multiple of 28?
False
Is 617496 a multiple of 77?
False
Is 117663 a multiple of 91?
True
Is 527038 a multiple of 30?
False
Is 320 a factor of 308480?
True
Does 23 divide 2379327?
True
Is 1181 a factor of 301364?
False
Does 10 divide 2054813?
False
Is 5600091 a multiple of 21?
True
Does 18 divide 151290?
True
Does 32 divide 68718?
False
Does 16 divide 4640691?
False
Is 2277928 a multiple of 787?
False
Is 148301 a multiple of 48?
False
Does 234 divide 14299886?
False
Is 1064767 a multiple of 12?
False
Is 186 a factor of 3722976?
True
Does 207 divide 12704832?
True
Is 957605 a multiple of 115?
True
Does 1803 divide 1700229?
True
Is 149369 a multiple of 366?
False
Is 43 a factor of 1810171?
True
Is 1623640 a multiple of 367?
False
Is 87324 a multiple of 4?
True
Is 69 a factor of 40158?
True
Is 5 a factor of 295066?
False
Does 132 divide 838456?
False
Is 32 a factor of 32000?
True
Does 25 divide 439380?
False
Is 1805165 a multiple of 8?
False
Does 180 divide 1153440?
True
Is 184625 a multiple of 35?
True
Is 6562367 a multiple of 352?
False
Is 15 a factor of 8431300?
False
Is 720 a factor of 8048865?
False
Is 31 a factor of 879036?
True
Does 44 divide 54640?
False
Is 157 a factor of 30929?
True
Does 157 divide 389360?
True
Is 23 a factor of 169576?
False
Is 4021066 a multiple of 70?
False
Is 14 a factor of 381260?
False
Does 322 divide 1228752?
True
Is 392 a factor of 90460?
False
Does 34 divide 8447704?
False
Does 463 divide 394013?
True
Does 13 divide 1562067?
True
Is 23 a factor of 240890?
False
Is 765780 a multiple of 42?
False
Does 46 divide 76912?
True
Is 281660 a multiple of 102?
False
Is 47 a factor of 389352?
False
Is 294 a factor of 380730?
True
Is 158 a factor of 5425720?
True
Does 60 divide 272700?
True
Is 631769 a multiple of 138?
False
Is 1948169 a multiple of 71?
True
Does 38 divide 90174?
True
Does 27 divide 314641?
False
Is 24 a factor of 196631?
False
Is 5 a factor of 18335?
True
Does 304 divide 14770914?
False
Is 29965 a multiple of 461?
True
Is 530 a factor of 1161760?
True
Is 10768776 a multiple of 444?
True
Is 2338622 a multiple of 34?
True
Is 258666 a multiple of 34?
False
Is 28488 a multiple of 3?
True
Does 399 divide 619067?
False
Is 7988344 a multiple of 104?
True
Is 273530 a multiple of 10?
True
Does 6 divide 9260031?
False
Does 36 divide 1667531?
False
Is 153 a factor of 3748500?
True
Does 9 divide 1057383?
True
Does 61 divide 285541?
True
Is 18 a factor of 175896?
True
Does 128 divide 50306?
False
Is 8023041 a multiple of 141?
True
Is 78 a factor of 3435822?
True
Is 900673 a multiple of 35?
False
Does 48 divide 209?
False
Is 474195 a multiple of 42?
False
Is 24